late the greatest common factor of 178 and 171220247.
89
Calculate the greatest common factor of 5768 and 491624.
56
What is the highest common divisor of 2382531 and 615840?
3849
Calculate the highest common divisor of 4444 and 8664992.
404
What is the greatest common divisor of 81748444 and 68?
68
Calculate the highest common divisor of 202500 and 3860.
20
What is the highest common divisor of 29102 and 1970947501?
14551
What is the greatest common factor of 728984085 and 2445?
2445
What is the greatest common factor of 590687304 and 1068?
1068
What is the greatest common factor of 2058102 and 28323?
27
Calculate the highest common divisor of 9024581 and 59.
59
What is the highest common divisor of 2418 and 31648396?
806
What is the greatest common factor of 265 and 83886280?
265
What is the highest common divisor of 205072 and 135856?
112
Calculate the greatest common divisor of 5282 and 16751863.
2641
Calculate the greatest common factor of 3082 and 143187911.
67
Calculate the highest common divisor of 540685 and 6800.
85
Calculate the greatest common factor of 48480 and 352490.
1010
What is the highest common factor of 132 and 1138038?
66
What is the greatest common factor of 3403948 and 3460?
692
What is the greatest common divisor of 704052 and 4413609?
3321
What is the greatest common divisor of 6360 and 36015090?
1590
Calculate the greatest common factor of 527288 and 70376.
152
Calculate the highest common factor of 1060 and 566613460.
1060
Calculate the highest common factor of 5539525 and 75.
25
What is the greatest common divisor of 6022538 and 1542?
514
Calculate the highest common divisor of 11311004 and 532.
76
What is the highest common divisor of 5526 and 1641592242?
5526
What is the greatest common divisor of 211455370 and 2660?
1330
Calculate the highest common factor of 35754 and 865570.
202
Calculate the greatest common divisor of 12531605 and 25.
5
Calculate the greatest common factor of 189601748 and 714.
238
What is the highest common factor of 24399107 and 807?
269
What is the greatest common factor of 49295133 and 9?
9
What is the highest common divisor of 1179 and 1824961?
131
What is the greatest common divisor of 44764 and 612808?
124
What is the highest common divisor of 66 and 60517182?
66
Calculate the greatest common divisor of 19856900 and 9100.
700
What is the greatest common factor of 16284 and 14244429?
4071
Calculate the highest common divisor of 1941149 and 15351.
301
What is the greatest common factor of 93187652 and 4982?
94
What is the greatest common divisor of 392129 and 53191?
1237
What is the greatest common divisor of 175462 and 37184?
1162
Calculate the highest common divisor of 1757 and 276101.
7
What is the highest common divisor of 796952 and 39494520?
10088
What is the highest common factor of 8332496 and 187376?
3824
Calculate the greatest common factor of 677269816 and 328.
328
What is the greatest common divisor of 40596 and 39729?
51
Calculate the highest common factor of 16054 and 100694.
46
What is the greatest common factor of 168 and 12479901?
21
What is the greatest common divisor of 556 and 1709839?
139
What is the greatest common factor of 7367687 and 28747?
1691
What is the highest common factor of 296545675 and 25?
25
What is the greatest common factor of 27762 and 2424?
6
What is the greatest common divisor of 60 and 42398020?
20
Calculate the greatest common divisor of 16 and 59338280.
8
Calculate the highest common factor of 4 and 5378908.
4
Calculate the highest common divisor of 475 and 1875675.
25
What is the greatest common divisor of 2289112136 and 16?
8
Calculate the greatest common factor of 3690780 and 3030.
30
What is the greatest common factor of 6845802 and 12?
6
What is the highest common divisor of 661753632 and 96?
96
Calculate the greatest common divisor of 23061753 and 333.
9
Calculate the greatest common factor of 12 and 1716963.
3
Calculate the highest common factor of 10638 and 425126.
394
What is the greatest common divisor of 64434 and 56046?
6
Calculate the highest common factor of 93 and 33873.
3
Calculate the greatest common factor of 11322 and 5143518.
666
What is the highest common divisor of 3141648 and 144?
144
What is the highest common divisor of 69266601 and 1749?
159
What is the greatest common divisor of 3306 and 913674?
174
Calculate the greatest common divisor of 79 and 622757.
79
Calculate the highest common divisor of 1743 and 485550.
249
Calculate the greatest common divisor of 79 and 1722970566.
79
Calculate the greatest common divisor of 1098 and 2384406.
18
Calculate the greatest common factor of 20179365 and 29625.
1185
Calculate the highest common divisor of 35626855 and 354.
59
What is the highest common factor of 848868 and 62484?
1524
What is the greatest common factor of 134964368 and 3872?
1936
What is the highest common factor of 112886705 and 145?
145
What is the highest common divisor of 1274 and 2779819?
49
What is the highest common factor of 336 and 9075108?
84
What is the highest common factor of 3662607 and 19188?
39
Calculate the highest common divisor of 3584 and 57174400.
128
Calculate the greatest common divisor of 2302314 and 79674.
294
Calculate the highest common factor of 47260 and 75477.
139
Calculate the highest common divisor of 894 and 112757538.
894
What is the greatest common divisor of 362798806 and 114?
38
What is the highest common divisor of 44 and 35988172?
44
What is the greatest common factor of 751169762 and 1106?
1106
What is the highest common divisor of 996203 and 52?
13
What is the highest common divisor of 234 and 133969394?
26
Calculate the highest common divisor of 95060 and 4461030.
6790
What is the greatest common factor of 19 and 2154447221?
19
What is the highest common factor of 101406268 and 30548?
4364
What is the greatest common divisor of 10138 and 1117098?
274
What is the highest common divisor of 439651 and 6806?
83
Calculate the highest common divisor of 93 and 33168419.
31
What is the greatest common divisor of 72 and 31561398?
18
Calculate the greatest common factor of 180 and 15363990.
90
What is the greatest common factor of 1065 and 236251790?
355
What is the greatest common factor of 378769062 and 6?
6
Calculate the highest common factor of 42 and 1290035481.
21
Calculate the greatest common divisor of 3350242719 and 261.
261
What is the greatest common factor of 7435012 and 39?
13
What is the greatest common factor of 4096186 and 139048?
382
What is the greatest common divisor of 9170 and 26562346?
262
Calculate the greatest common factor of 296 and 14228054.
74
What is the greatest common divisor of 76404 and 17?
1
What is the greatest common factor of 91232275 and 29875?
5975
What is the greatest common divisor of 231085119 and 6906?
3453
Calculate the highest common factor of 28006 and 3179726.
418
Calculate the highest common divisor of 145 and 28078322.
29
What is the greatest common factor of 91156 and 38116?
52
What is the highest common divisor of 753565899 and 174?
87
Calculate the highest common factor of 58994 and 95003030.
4538
Calculate the highest common factor of 190356 and 415512.
348
What is the greatest common factor of 540 and 181406580?
60
What is the greatest common divisor of 170635246 and 58?
58
What is the greatest common divisor of 20 and 15855445?
5
What is the highest common divisor of 140613204 and 85569?
7779
What is the greatest common divisor of 110 and 10103962?
22
Calculate the highest common divisor of 103197 and 18573.
123
Calculate the greatest common divisor of 1125601 and 127.
127
What is the highest common divisor of 1175482 and 14368?
898
Calculate the greatest common divisor of 19649 and 603533.
49
What is the greatest common factor of 2738091 and 20072?
193
Calculate the highest common divisor of 1502847 and 16578.
27
Calculate the greatest common divisor of 585 and 5243745.
195
What is the highest common divisor of 68513364 and 7776?
972
Calculate the greatest common divisor of 4176653 and 2626.
1313
What is the greatest common divisor of 3961 and 1531009681?
3961
What is the highest common divisor of 23353 and 55202246?
2123
What is the greatest common factor of 293077080 and 720?
360
Calculate the highest common factor of 19